{"id":33,"date":"2024-02-25T10:59:04","date_gmt":"2024-02-25T09:59:04","guid":{"rendered":"https:\/\/mondpo.be\/?page_id=33"},"modified":"2024-04-16T06:51:37","modified_gmt":"2024-04-16T04:51:37","slug":"33-2","status":"publish","type":"page","link":"https:\/\/mondpo.be\/index.php\/33-2\/","title":{"rendered":"Mon DPO, votre conseiller RGPD en officine!"},"content":{"rendered":"\n<p>La protection de vos donn\u00e9es personnelles est notre seule pr\u00e9occupation. Experts en s\u00e9curit\u00e9 informatique depuis 30 ans et DPO Externe depuis 2018, nous nous concentrons principalement sur les 3 secteurs que nous connaissons bien. Les pharmacies en font partie ! Nous suivons \u00e9videmment les recommandations de l&rsquo;APB.<\/p>\n\n\n\n<p><\/p>\n\n\n\n<p class=\"has-medium-font-size\"><strong>Offre exceptionnelle pour les Pharmaciens<\/strong><\/p>\n\n\n\n<p>Jusqu&rsquo;au 30 juin 2024, les&nbsp;<strong>Pharmaciens<\/strong> peuvent profiter de notre offre gratuite et sans engagement : l\u2019audit complet de votre site WEB (Cybers\u00e9curit\u00e9 et RGPD) . Y recourir ne vous engage \u00e0 rien et vous prouvera nos comp\u00e9tences uniques sur le march\u00e9 de l\u2019aide \u00e0 la mise en conformit\u00e9 RGPD dans votre secteur en Belgique !<\/p>\n\n\n\n<p><strong><a href=\"https:\/\/mondpo.be\/index.php\/2024\/02\/26\/audit-de-securite-et-rgpd-gratuit-pour-les-pharmacies\/\">Cliquez ici, ou sur l\u2019image, pour le demander !<\/a><\/strong><\/p>\n\n\n<div class=\"wp-block-image\">\n<figure class=\"aligncenter size-full is-resized\"><a href=\"https:\/\/mondpo.be\/index.php\/2024\/02\/26\/audit-de-securite-et-rgpd-gratuit-pour-les-pharmacies\/\" target=\"_blank\" rel=\"noreferrer noopener\"><img loading=\"lazy\" decoding=\"async\" width=\"686\" height=\"687\" src=\"https:\/\/mondpo.be\/wp-content\/uploads\/2024\/02\/AuditPharmGratuit.png\" alt=\"\" class=\"wp-image-94\" style=\"width:443px;height:auto\" srcset=\"https:\/\/mondpo.be\/wp-content\/uploads\/2024\/02\/AuditPharmGratuit.png 686w, https:\/\/mondpo.be\/wp-content\/uploads\/2024\/02\/AuditPharmGratuit-300x300.png 300w, https:\/\/mondpo.be\/wp-content\/uploads\/2024\/02\/AuditPharmGratuit-150x150.png 150w\" sizes=\"auto, (max-width: 686px) 100vw, 686px\" \/><\/a><\/figure>\n<\/div>\n\n\n<p><a href=\"https:\/\/mondpo.be\/index.php\/2024\/02\/13\/audit-gratuit-de-votre-site-web-cybersecurite-et-rgpd\/\" target=\"_blank\" rel=\"noreferrer noopener\"><\/a><\/p>\n","protected":false},"excerpt":{"rendered":"<p>La protection de vos donn\u00e9es personnelles est notre seule pr\u00e9occupation. Experts en s\u00e9curit\u00e9 informatique depuis 30 ans et DPO Externe depuis 2018, nous nous concentrons principalement sur les 3 secteurs que nous connaissons bien. Les pharmacies en font partie ! Nous suivons \u00e9videmment les recommandations de l&rsquo;APB. Offre exceptionnelle pour les Pharmaciens Jusqu&rsquo;au 30 juin [&hellip;]<\/p>\n","protected":false},"author":2,"featured_media":0,"parent":0,"menu_order":0,"comment_status":"closed","ping_status":"closed","template":"","meta":{"footnotes":""},"class_list":["post-33","page","type-page","status-publish","hentry"],"_links":{"self":[{"href":"https:\/\/mondpo.be\/index.php\/wp-json\/wp\/v2\/pages\/33","targetHints":{"allow":["GET"]}}],"collection":[{"href":"https:\/\/mondpo.be\/index.php\/wp-json\/wp\/v2\/pages"}],"about":[{"href":"https:\/\/mondpo.be\/index.php\/wp-json\/wp\/v2\/types\/page"}],"author":[{"embeddable":true,"href":"https:\/\/mondpo.be\/index.php\/wp-json\/wp\/v2\/users\/2"}],"replies":[{"embeddable":true,"href":"https:\/\/mondpo.be\/index.php\/wp-json\/wp\/v2\/comments?post=33"}],"version-history":[{"count":14,"href":"https:\/\/mondpo.be\/index.php\/wp-json\/wp\/v2\/pages\/33\/revisions"}],"predecessor-version":[{"id":292,"href":"https:\/\/mondpo.be\/index.php\/wp-json\/wp\/v2\/pages\/33\/revisions\/292"}],"wp:attachment":[{"href":"https:\/\/mondpo.be\/index.php\/wp-json\/wp\/v2\/media?parent=33"}],"curies":[{"name":"wp","href":"https:\/\/api.w.org\/{rel}","templated":true}]}}