{"id":252,"date":"2024-04-16T05:49:11","date_gmt":"2024-04-16T03:49:11","guid":{"rendered":"https:\/\/mondpo.be\/?page_id=252"},"modified":"2024-05-22T13:54:19","modified_gmt":"2024-05-22T11:54:19","slug":"dpo-en-ecoles","status":"publish","type":"page","link":"https:\/\/mondpo.be\/index.php\/dpo-en-ecoles\/","title":{"rendered":"Mon DPO, votre conseiller RGPD \u00e0 l \u00e9cole"},"content":{"rendered":"\n<p><\/p>\n\n\n\n<p><strong>Offre exceptionnelle pour les PO et Directions d&rsquo;\u00e9coles<\/strong><\/p>\n\n\n\n<h6 class=\"wp-block-heading\">La protection de vos donn\u00e9es personnelles est notre seule pr\u00e9occupation. Experts en s\u00e9curit\u00e9 informatique depuis 30 ans et DPO Externe depuis 2018, nous nous concentrons principalement sur les 3 secteurs que nous connaissons bien. Enseignants en secondaire et en haute \u00e9cole, responsables informatiques, membres de PO, toutes des exp\u00e9riences qui rendent notre r\u00f4le de DPO-Externe plein de sens pour vous ! Un DPO doit maitriser le RGPD, le fonctionnement de l&rsquo;organisation et la s\u00e9curit\u00e9 informatique<\/h6>\n\n\n\n<p class=\"has-text-align-center has-black-color has-luminous-vivid-amber-background-color has-text-color has-background has-link-color has-medium-font-size wp-elements-85cbdd4af2c8853327ee862ad2cc0cab\"><strong><a href=\"https:\/\/mondpo.be\/index.php\/2024\/04\/16\/audit-de-securite-et-rgpd-gratuit-pour-les-sites-web-des-ecoles\/\" target=\"_blank\" rel=\"noreferrer noopener\">Testez nous &#8230;. Audit gratuit de votre site WEB ! <\/a><\/strong><\/p>\n\n\n\n<figure class=\"wp-block-image size-full\"><a href=\"https:\/\/mondpo.be\/index.php\/2024\/04\/16\/audit-de-securite-et-rgpd-gratuit-pour-les-sites-web-des-ecoles\/\" target=\"_blank\" rel=\"noreferrer noopener\"><img loading=\"lazy\" decoding=\"async\" width=\"1024\" height=\"1024\" src=\"https:\/\/mondpo.be\/wp-content\/uploads\/2024\/05\/OIG4.F.jpeg\" alt=\"Audit de S\u00e9curit\u00e9 Gratuit !\" class=\"wp-image-314\" srcset=\"https:\/\/mondpo.be\/wp-content\/uploads\/2024\/05\/OIG4.F.jpeg 1024w, https:\/\/mondpo.be\/wp-content\/uploads\/2024\/05\/OIG4.F-300x300.jpeg 300w, https:\/\/mondpo.be\/wp-content\/uploads\/2024\/05\/OIG4.F-150x150.jpeg 150w, https:\/\/mondpo.be\/wp-content\/uploads\/2024\/05\/OIG4.F-768x768.jpeg 768w\" sizes=\"auto, (max-width: 1024px) 100vw, 1024px\" \/><\/a><\/figure>\n\n\n\n<p>Jusqu\u2019au 30 juin 2024, les&nbsp;PO et les \u00e9coles peuvent profiter de notre offre gratuite et sans engagement : l\u2019audit complet de votre site WEB (Cybers\u00e9curit\u00e9 et RGPD) . Y recourir ne vous engage \u00e0 rien et vous prouvera nos comp\u00e9tences uniques sur le march\u00e9 de l\u2019aide \u00e0 la mise en conformit\u00e9 RGPD dans le secteur en Belgique ! Pour les \u00e9coles de l&rsquo;enseignement Catholique, nous sommes en contact avec le SEGEC et respectons leurs recommandations.<\/p>\n\n\n\n<p><strong>Cliquez ici, pour le demander !<\/strong> : <a href=\"https:\/\/mondpo.be\/index.php\/2024\/04\/16\/audit-de-securite-et-rgpd-gratuit-pour-les-sites-web-des-ecoles\/\">demande de l&rsquo;audit gratuit<\/a><\/p>\n","protected":false},"excerpt":{"rendered":"<p>Offre exceptionnelle pour les PO et Directions d&rsquo;\u00e9coles La protection de vos donn\u00e9es personnelles est notre seule pr\u00e9occupation. Experts en s\u00e9curit\u00e9 informatique depuis 30 ans et DPO Externe depuis 2018, nous nous concentrons principalement sur les 3 secteurs que nous connaissons bien. Enseignants en secondaire et en haute \u00e9cole, responsables informatiques, membres de PO, toutes [&hellip;]<\/p>\n","protected":false},"author":2,"featured_media":0,"parent":0,"menu_order":0,"comment_status":"closed","ping_status":"closed","template":"","meta":{"footnotes":""},"class_list":["post-252","page","type-page","status-publish","hentry"],"_links":{"self":[{"href":"https:\/\/mondpo.be\/index.php\/wp-json\/wp\/v2\/pages\/252","targetHints":{"allow":["GET"]}}],"collection":[{"href":"https:\/\/mondpo.be\/index.php\/wp-json\/wp\/v2\/pages"}],"about":[{"href":"https:\/\/mondpo.be\/index.php\/wp-json\/wp\/v2\/types\/page"}],"author":[{"embeddable":true,"href":"https:\/\/mondpo.be\/index.php\/wp-json\/wp\/v2\/users\/2"}],"replies":[{"embeddable":true,"href":"https:\/\/mondpo.be\/index.php\/wp-json\/wp\/v2\/comments?post=252"}],"version-history":[{"count":14,"href":"https:\/\/mondpo.be\/index.php\/wp-json\/wp\/v2\/pages\/252\/revisions"}],"predecessor-version":[{"id":320,"href":"https:\/\/mondpo.be\/index.php\/wp-json\/wp\/v2\/pages\/252\/revisions\/320"}],"wp:attachment":[{"href":"https:\/\/mondpo.be\/index.php\/wp-json\/wp\/v2\/media?parent=252"}],"curies":[{"name":"wp","href":"https:\/\/api.w.org\/{rel}","templated":true}]}}